vided by 7.
4
Calculate the remainder when 124883 is divided by 477.
386
Calculate the remainder when 79741 is divided by 26.
25
What is the remainder when 199781 is divided by 34?
31
Calculate the remainder when 17280 is divided by 1232.
32
What is the remainder when 316768 is divided by 13?
10
Calculate the remainder when 83830 is divided by 12.
10
Calculate the remainder when 8436 is divided by 148.
0
Calculate the remainder when 670 is divided by 660.
10
Calculate the remainder when 1417 is divided by 198.
31
What is the remainder when 380794 is divided by 28?
22
Calculate the remainder when 87879 is divided by 43874.
131
What is the remainder when 577 is divided by 57?
7
Calculate the remainder when 2682864 is divided by 370.
364
Calculate the remainder when 462022 is divided by 36.
34
Calculate the remainder when 29122 is divided by 7256.
98
What is the remainder when 116060 is divided by 186?
182
Calculate the remainder when 32414 is divided by 612.
590
Calculate the remainder when 50783 is divided by 16819.
326
What is the remainder when 15483 is divided by 377?
26
Calculate the remainder when 106844 is divided by 255.
254
What is the remainder when 462381 is divided by 169?
166
Calculate the remainder when 553180 is divided by 8135.
0
What is the remainder when 1512 is divided by 1452?
60
Calculate the remainder when 92925 is divided by 794.
27
Calculate the remainder when 27177 is divided by 19.
7
Calculate the remainder when 3466 is divided by 170.
66
Calculate the remainder when 54824 is divided by 86.
42
What is the remainder when 941969 is divided by 218?
209
Calculate the remainder when 6700 is divided by 216.
4
What is the remainder when 417994 is divided by 36?
34
Calculate the remainder when 75118 is divided by 79.
68
What is the remainder when 42425 is divided by 92?
13
Calculate the remainder when 1426 is divided by 59.
10
Calculate the remainder when 21245 is divided by 462.
455
What is the remainder when 101174 is divided by 16?
6
Calculate the remainder when 316299 is divided by 572.
555
What is the remainder when 54107 is divided by 328?
315
What is the remainder when 59705 is divided by 1454?
91
What is the remainder when 81370 is divided by 465?
460
Calculate the remainder when 88709 is divided by 1344.
5
What is the remainder when 91446 is divided by 205?
16
Calculate the remainder when 369894 is divided by 13.
5
What is the remainder when 56118 is divided by 230?
228
Calculate the remainder when 22484 is divided by 7488.
20
What is the remainder when 84956 is divided by 80?
76
Calculate the remainder when 5731 is divided by 811.
54
Calculate the remainder when 6667 is divided by 41.
25
Calculate the remainder when 477553 is divided by 387.
382
Calculate the remainder when 3859 is divided by 555.
529
Calculate the remainder when 168089 is divided by 13.
12
What is the remainder when 646 is divided by 74?
54
Calculate the remainder when 126780 is divided by 14.
10
What is the remainder when 34927 is divided by 142?
137
What is the remainder when 7150 is divided by 511?
507
Calculate the remainder when 91529 is divided by 714.
137
Calculate the remainder when 1705 is divided by 655.
395
What is the remainder when 6753263 is divided by 95?
93
What is the remainder when 3460196 is divided by 38?
30
Calculate the remainder when 90706 is divided by 424.
394
Calculate the remainder when 13596 is divided by 545.
516
Calculate the remainder when 56967 is divided by 61.
54
Calculate the remainder when 10731 is divided by 10716.
15
Calculate the remainder when 11401 is divided by 176.
137
Calculate the remainder when 4306 is divided by 187.
5
What is the remainder when 7293 is divided by 3642?
9
Calculate the remainder when 7889 is divided by 7.
0
What is the remainder when 7052 is divided by 3522?
8
What is the remainder when 6682 is divided by 1334?
12
What is the remainder when 1018192 is divided by 613?
612
Calculate the remainder when 30188 is divided by 14.
4
Calculate the remainder when 2167 is divided by 988.
191
What is the remainder when 3431 is divided by 2114?
1317
What is the remainder when 9360 is divided by 164?
12
What is the remainder when 69694 is divided by 16?
14
What is the remainder when 16709 is divided by 486?
185
Calculate the remainder when 60952 is divided by 4353.
10
Calculate the remainder when 1481 is divided by 167.
145
What is the remainder when 33284 is divided by 46?
26
What is the remainder when 4138025 is divided by 1698?
1697
What is the remainder when 5556 is divided by 2776?
4
Calculate the remainder when 92864 is divided by 81.
38
What is the remainder when 23780 is divided by 175?
155
Calculate the remainder when 997 is divided by 580.
417
Calculate the remainder when 65958 is divided by 25.
8
Calculate the remainder when 46299 is divided by 46.
23
What is the remainder when 69590 is divided by 4?
2
Calculate the remainder when 9629 is divided by 1136.
541
What is the remainder when 301459 is divided by 52?
15
What is the remainder when 108328 is divided by 169?
168
Calculate the remainder when 287035 is divided by 238.
7
Calculate the remainder when 4416 is divided by 353.
180
Calculate the remainder when 8385 is divided by 8380.
5
Calculate the remainder when 2482 is divided by 774.
160
What is the remainder when 45936 is divided by 39?
33
Calculate the remainder when 750 is divided by 158.
118
Calculate the remainder when 46915 is divided by 297.
286
Calculate the remainder when 40736 is divided by 40702.
34
Calculate the remainder when 275231 is divided by 91723.
62
What is the remainder when 51960 is divided by 114?
90
Calculate the remainder when 121706 is divided by 9.
8
Calculate the remainder when 38321 is divided by 50.
21
What is the remainder when 84 is divided by 51?
33
Calculate the remainder when 4105 is divided by 1022.
17
Calculate the remainder when 45967 is divided by 417.
97
Calculate the remainder when 3857 is divided by 11.
7
What is the remainder when 47958 is divided by 181?
174
Calculate the remainder when 188505 is divided by 276.
273
What is the remainder when 6706 is divided by 485?
401
What is the remainder when 131973 is divided by 376?
373
Calculate the remainder when 4841 is divided by 113.
95
Calculate the remainder when 7357 is divided by 2407.
136
Calculate the remainder when 3086148 is divided by 87.
84
What is the remainder when 307885 is divided by 102604?
73
What is the remainder when 84 is divided by 80?
4
What is the remainder when 34361 is divided by 29?
25
What is the remainder when 202575 is divided by 101278?
19
What is the remainder when 3532 is divided by 77?
67
What is the remainder when 3994 is divided by 2678?
1316
Calculate the remainder when 33397 is divided by 16695.
7
Calculate the remainder when 404798 is divided by 320.
318
Calculate the remainder when 1332 is divided by 240.
132
What is the remainder when 17972 is divided by 11?
9
Calculate the remainder when 884 is divided by 250.
134
Calculate the remainder when 41343 is divided by 209.
170
Calculate the remainder when 75017 is divided by 20.
17
What is the remainder when 2721 is divided by 381?
54
What is the remainder when 5716 is divided by 673?
332
What is the remainder when 136447 is divided by 190?
27
Calculate the remainder when 885 is divided by 400.
85
Calculate the remainder when 85102 is divided by 49.
38
What is the remainder when 6513 is divided by 326?
319
Calculate the remainder when 131863 is divided by 65924.
15
Calculate the remainder when 13632 is divided by 18.
6
Calculate the remainder when 76 is divided by 32.
12
Calculate the remainder when 29467 is divided by 225.
217
What is the remainder when 5323 is divided by 138?
79
What is the remainder when 223766 is divided by 756?
746
Calculate the remainder when 6210 is divided by 6187.
23
Calculate the remainder when 144745 is divided by 386.
381
Calculate the remainder when 25026 is divided by 2274.
12
What is the remainder when 3049 is divided by 1482?
85
Calculate the remainder when 19497 is divided by 527.
525
What is the remainder when 752134 is divided by 462?
460
What is the remainder when 79221 is divided by 5657?
23
What is the remainder when 673003 is divided by 15?
13
Calculate the remainder when